- 1518, 3*j = -o*g + 1126. Suppose -11*k + 2*k + j = 0. What is the remainder when k is divided by 24?
18
What is the remainder when (1/(-4))/(23/(-828)*9) - -611 is divided by 177?
81
Calculate the remainder when ((-1110)/(-20) - -16)*4 is divided by 144.
142
Suppose 2997 = -14*m + 23*m. What is the remainder when m is divided by 165?
3
Suppose 2*f = 2*l + 20, 4*f + 4*l - 41 = -f. Suppose 27 = 9*t - 27. What is the remainder when f is divided by t?
3
Suppose 2*n = 2 + 20. Suppose 9*x - 10 = 7*x. What is the remainder when n is divided by x?
1
Suppose 0 = s - 22*s - 189. What is the remainder when 12/(-10)*(-30)/s + 94 is divided by 23?
21
Let w = 144 - 297. Let j = w + 168. What is the remainder when 53 is divided by j?
8
Suppose 15*u = 424 + 146. Suppose -q = 4*q. Calculate the remainder when u is divided by ((q - 0) + 5)*1.
3
Let h be 15/(-2)*(-4)/(-3). What is the remainder when 135 is divided by (-4683)/(-77) - h - 2/(-11)?
64
Let b be (-1)/(-2)*-2*460. Calculate the remainder when (-2208)/b*(23/3 - 1) is divided by 9.
5
Calculate the remainder when 1409 is divided by (-31 + 1647/81)/((-1)/66).
1
Suppose -13*j = 15 - 54. Suppose -4*a + 2*c + 88 = 0, j*a + c + c = 80. Calculate the remainder when 357 is divided by a.
21
Let m(j) = -35*j + 25. Let h be m(-6). Let b = -211 + h. Calculate the remainder when 105 is divided by b.
9
Calculate the remainder when 62 is divided by 5/(-2)*(168/(-20) - -4).
7
Let m(w) = 2*w**2 - 2*w + 1. Let a be m(-2). Let d = a + 31. Calculate the remainder when d is divided by 15.
14
Let s(a) = -a**3 + 6*a**2 - 4*a - 9. What is the remainder when 231 is divided by s(3)?
3
Let p = 3951 - 3882. Calculate the remainder when 297 is divided by p.
21
Let v(p) = 2*p**2 - 255*p + 2184. What is the remainder when v(122) is divided by 168?
2
Let q = 32393 - 32129. Calculate the remainder when q is divided by 67.
63
Let p(x) = 8*x + 59. Suppose -7*z = -2*l - 3*z + 100, 4*z = l - 54. Let u = 57 - l. What is the remainder when p(-5) is divided by u?
8
Let m(n) = -2*n**3 + 28*n**2 - 94*n + 49. Let k = -7 + 11. What is the remainder when m(9) is divided by k?
1
Let j be (-57)/(-6) + (-3)/(-6). Suppose 2*h - 28 = j. Suppose 114 = -5*b - 3*g + 390, -5*b + 3*g + 264 = 0. What is the remainder when b is divided by h?
16
Let n = -4028 - -8409. Calculate the remainder when n is divided by 8.
5
Let f(r) be the first derivative of -3*r**2/2 + 8*r + 3. Calculate the remainder when 141 is divided by f(-7).
25
Suppose 2*o + 17 = 57. Let d be (-6*(-3)/(-15))/(3/o). What is the remainder when (-125 - (-2 - d))*(-2)/2 is divided by 33?
32
Let b = 8260 - 7689. What is the remainder when b is divided by 160?
91
Let k(h) = -6*h**3 + 2*h**2 + 2*h + 2. Suppose -51*m + 5294 + 61 = 0. Calculate the remainder when m is divided by k(-2).
51
Suppose -890*s + 899*s = -3303. Let k = -226 - s. Calculate the remainder when k is divided by 18.
15
Let g = -18457 - -18465. Calculate the remainder when 142 is divided by g.
6
Let k(o) = -o**3 - 9*o**2 - 52*o + 160. What is the remainder when k(-7) is divided by 168?
90
Let r(k) = k**3 - 24*k**2 - 17*k - 2. Suppose 3*n + 2*a - 140 = 0, 9*a - 6*a = 3*n - 165. Calculate the remainder when r(25) is divided by n.
48
Let w(f) be the first derivative of 7*f**2 + 6*f - 136. Calculate the remainder when w(7) is divided by 51.
2
Let j = 3 + 16. Let m(w) be the third derivative of -7*w**4/24 + 35*w**3/2 - 13*w**2. Calculate the remainder when m(5) is divided by j.
13
Let z = -2983 - -3293. What is the remainder when z is divided by 50?
10
Let p(t) = 16*t**3 - 14*t**2 - t + 51. What is the remainder when p(6) is divided by 24?
21
Suppose 13*g - 604 - 5922 = 0. What is the remainder when g is divided by 12?
10
Let u(m) = m**3 - 22*m**2 + 24*m - 58. Let f be u(21). Suppose 90 = f*s + 4*s. What is the remainder when 87 is divided by s?
7
Suppose 2725 = 5*v - 3*j, 3*v = -5*j + 402 + 1233. Calculate the remainder when v is divided by 91.
90
Let j = -33 + 59. Let k be (-663)/(-19) + ((-8)/(-76) - 0). Suppose -90*i = -95*i + k. Calculate the remainder when j is divided by i.
5
Let x(j) = -7*j**2 - 27*j + 18. Calculate the remainder when 3538 is divided by x(-4).
10
Let d(z) = 4*z + 0*z**2 - 2*z**3 + 3*z**2 + 19 + 3*z - 9. Let i be d(-3). Calculate the remainder when (i - -3) + (4 - 8) is divided by 14.
13
Let s be ((-2)/(-6)*-10)/((-6)/9). Suppose -7*p = -2*p, a = s*p + 37. What is the remainder when a is divided by (-2)/(-6) + 205/15?
9
Suppose 2*b + b + 153 = 0. Let v = 2711 - 2626. Let f = b + v. Calculate the remainder when 100 is divided by f.
32
Let s = 659 + -124. Suppose 229 = 4*z - s. Calculate the remainder when z is divided by 32.
31
Let x(s) = 20*s**2 - 60*s - 249. Calculate the remainder when x(6) is divided by 2.
1
Let l(x) = 6*x**3 - 27*x**2 + 57*x. Calculate the remainder when l(9) is divided by 26.
22
Suppose -3*q + 29 = u, q - 58 = -5*u - 53. What is the remainder when 234 is divided by q?
4
Let l = -736 + 892. Suppose j - 4*v = 4*j - 224, -2*j + 4*v = -l. What is the remainder when j is divided by 37?
2
Let m be 8/(-10) + 462/(-10). Let l = 80 + m. What is the remainder when 97 is divided by l?
31
Suppose -6336 = -103*t + 67*t. Calculate the remainder when t is divided by 79.
18
Let n be -1 - (39/26)/(2/(-76)). Suppose 7*h + n = 9*h. Calculate the remainder when 80 is divided by h.
24
Suppose -8*h + 46 = -610. Let f = -11 - -55. Calculate the remainder when h is divided by f.
38
Suppose -46 = -4*r + 90. Let j(l) = 2*l**3 - 17*l**2 + 36*l + 6. Let v be j(7). Let o = -98 + v. What is the remainder when r is divided by o?
8
Let s(p) = -6*p + 6. Let z be s(-4). Suppose -4*h = -3*g + 25, 0*g + 3*h = 3*g - z. Suppose -2*o + 6*o = 16. Calculate the remainder when g is divided by o.
3
Let w = -4667 - -4737. Calculate the remainder when 466 is divided by w.
46
Let p(z) = z - 12. Let s be p(16). Suppose 0 = 4*a - 8, -4*o + s*a - 13 = o. What is the remainder when (-16 - 37)/(-2 - o) is divided by 18?
17
Let a(y) = y**3 + 3*y**2 + 17*y + 40. Let g be a(-9). Let j = 692 + g. Calculate the remainder when 180 is divided by j.
87
What is the remainder when -1*47/(-7 + 6/1) is divided by (0 + (-1 - 0))*-13?
8
Let q(z) = 22*z**2 - 2*z + 3. Suppose -24*h + 629 = -241 + 270. Calculate the remainder when q(2) is divided by h.
12
Suppose -3*s - 1874 = -2*z, -2*s - 2*s + 3*z = 2499. Suppose 18*i = 896 + 1642. Calculate the remainder when i is divided by (5 - -2)*s/(-91).
45
Calculate the remainder when (-85)/(-170)*(606 - (3 + (-2 - 1))) is divided by 141.
21
Suppose -5*p - 2*o = -358, 22*p - 4*o + 346 = 27*p. What is the remainder when 1325 is divided by p?
67
Suppose 12*g - 2*x + 8190 = 16*g, 5*g = x + 10213. What is the remainder when g is divided by 31?
29
Let l(k) = k**3 - 2*k**2 - 4*k + 6. Let g be l(2). Let d(h) = 10*h - 22. Let w be d(7). What is the remainder when 23 is divided by w/3 + (-1 - (g - -1))?
7
Let l = -101 + -176. Let k = 287 + l. Calculate the remainder when 67 is divided by k.
7
Let c = 7 - -69. Suppose -2*k - 35 = -o, 0 = -3*o + 3*k + 666 - 558. Calculate the remainder when c is divided by o.
2
Suppose 5*h + 4*j = 3322, 13*j = -5*h + 8*j + 3325. Calculate the remainder when 1354 is divided by h.
30
Suppose 0 = a + 3*a - 200. Let q(u) = u**3 - 8*u**2 + 2*u + 3. Let h be q(5). What is the remainder when a is divided by h/3*(-9)/6?
19
Let g = 1169 + -521. Suppose -2*p + 498 = -5*o + 446, 3*o = 5*p - 111. What is the remainder when g is divided by p?
18
Let q = -85228 - -85242. Suppose -31 = -5*g + 4. Calculate the remainder when q is divided by g.
0
Let n = 12805 - 12766. Let c be (-3 + 1)/1*-8. Let z = c - 6. What is the remainder when n is divided by z?
9
Suppose -2*v = -2*i + 3912, 0 = -4*i - v + 12773 - 4924. What is the remainder when i is divided by 73?
63
Suppose 0 = -51*n + 12170 + 2365. Calculate the remainder when n is divided by 122.
41
Suppose 0 = 3*p + 4*p - 707. What is the remainder when p is divided by 12?
5
What is the remainder when (-300)/45 + 26851/33 is divided by 3?
0
Suppose 676 = -5*j + j. Let n = j - -90. Let f = -33 - n. What is the remainder when f is divided by 12?
10
Let x = 14164 + -14126. Calculate the remainder when 289 is divided by x.
23
Let c(h) = -h**2 - 1696*h - 475049. 